st common divisor of a and 18?
9
Let i = 46 - 40. What is the highest common factor of 2 and i?
2
Suppose 0*a - 5*a = -105. Suppose 5*x - 18 = -2*n + 9, 0 = -5*x - 5*n + 15. Let h = x - 4. What is the highest common divisor of a and h?
3
Suppose 3*r - 131 + 43 = -4*d, -2*d = -2*r + 54. What is the highest common factor of r and 7?
7
Let v(w) = -2*w**2 + 4*w + 7. Let s be v(3). Calculate the greatest common factor of 5 and s.
1
Let q = 9 + -5. Suppose 2*n - 22 = 4*u, -n + q*n - 18 = u. Suppose 0*p + 3*l = 3*p - 9, 4*l = n*p - 16. What is the highest common factor of p and 8?
4
Let d be 3/(-12) + 181/4. Let z be 5/(((-4)/(-2))/(-24)). Let l be (z/(-8))/(1/2). Calculate the greatest common divisor of d and l.
15
Suppose -54 = -5*c + 4*y, -y - 4*y = 4*c - 35. Suppose 11 = 3*m - 109. Calculate the greatest common divisor of m and c.
10
Let x(h) be the third derivative of 7*h**6/120 - h**5/60 - h**4/12 - h**3/2 - h**2. Let n be x(3). Calculate the greatest common divisor of 19 and n.
19
Let v = -5 + 7. Let n be 2*(-1)/v*-12. Calculate the highest common divisor of n and 30.
6
Let q(z) = 12*z**2 + 2. Let m be q(-3). Suppose 70 = 5*a - m. What is the highest common factor of 9 and a?
9
Let f(w) = -7*w**2 + 8*w**2 - 10 - 13*w - 3 - 10. Let g be f(16). Calculate the highest common factor of 75 and g.
25
Let s(p) = p**2 + 4*p + 3. Suppose 4*i = -z + 21, z - 2*z = 3*i - 16. Let n be s(i). What is the greatest common factor of 6 and n?
6
Suppose -3*d + y + 53 = 0, 2*y = d - 4*d + 65. Suppose k - 3 - d = 0. Let b = 21 + -10. Calculate the highest common divisor of b and k.
11
Suppose 53 = z - 5. Let q = z - 20. Suppose 4*n = -9*n + 247. What is the greatest common factor of n and q?
19
Let z be 12/(-21) + 1860/21. Calculate the highest common divisor of z and 8.
8
Let i(z) = 12*z**2 - z. Let w be i(1). Suppose 5*j - 571 = 34. What is the highest common factor of w and j?
11
Suppose 2*w - 46 = -0*w. Calculate the greatest common factor of 23 and w.
23
Let m(r) = -r**2 - 35*r**3 - 7*r**2 + 9*r**2. Let s be m(-1). Let x(w) = -w + 6. Let f be x(-6). Calculate the highest common divisor of s and f.
12
Suppose 0 = -5*m - 0 + 95. Let v = 40 - 21. Calculate the highest common factor of m and v.
19
Suppose 205 = -2*q - 167. Let u = -122 - q. Calculate the highest common divisor of 8 and u.
8
Let p be (2/(-4))/(5/(-280)). Suppose -m + h - 1 = 0, m - 3*m + p = 4*h. Suppose -l + 135 = m*l. Calculate the greatest common divisor of l and 18.
9
Let l = 41 - 9. Let k be (0 - 4)*-2 + -3. Suppose 2*s - 7 = j, 4*j - 24 = -k*s - 0*j. What is the highest common factor of l and s?
4
Let s(b) = -b**3 + 4*b**2 - b + 3. Let x be s(4). Let u be (x - 1/(-1)) + 12. Let m = 11 + -7. Calculate the greatest common factor of u and m.
4
Let l(w) = 2*w**2 - 1. Let u = 12 + -7. Let r be l(u). Calculate the greatest common factor of r and 7.
7
Let c be (1/(-2))/(3/30). Let l be c/20 + 289/4. Let o = -9 + 17. Calculate the greatest common divisor of l and o.
8
Suppose -2*o = -12*o - 250. Let u = 79 - 44. Let y = u - o. Calculate the greatest common divisor of y and 12.
12
Suppose -5 = m + 2*w, 5*m + w - 9 = 2. What is the highest common divisor of m and 39?
3
Suppose 0 = 4*z - 80 - 100. What is the greatest common factor of 5 and z?
5
Let k(p) = p**2 - 9*p + 3. Let t be k(9). What is the greatest common factor of t and 30?
3
Suppose -2*f = -l + 3*l - 154, 298 = 4*l + 2*f. Suppose 3*r + l = 7*r. Let u be (2 - 1 - 4) + 15. What is the greatest common factor of u and r?
6
Suppose 4*z + 2*a - 8 = 0, -3*a = -2*z - 7*a - 8. Calculate the greatest common divisor of z and 20.
4
Suppose -2*m + 512 = 4*x, 5*x = 2*x + 5*m + 384. Let n = x - 88. What is the greatest common factor of n and 5?
5
Let a(v) = -v**3 - 2*v**2 + 10*v. Let n be a(-8). What is the highest common factor of n and 38?
38
Suppose -4*r + 53 = 5*i, -26 = -0*i - 4*i + 5*r. What is the greatest common factor of 3 and i?
3
Let h = -12 - -44. Let w(q) = q**3 + 4*q**2 - 7*q - 2. Let v be w(-5). Calculate the greatest common factor of v and h.
8
Let h(k) = 11*k**3 - 2*k**2 - 2*k - 1. Let j be h(-1). Let m be -1*(-2 + j/3). Suppose m*u = 3*u + 15. What is the greatest common divisor of 10 and u?
5
Let h = 49 - 34. Let o = -22 + 32. Suppose -2*i - 4*d + 14 - 4 = 0, 2*i - o = -5*d. Calculate the greatest common divisor of i and h.
5
Suppose -5*y + 4*s + 10 = 0, 7*y - 3*y - 34 = -2*s. Calculate the greatest common factor of y and 3.
3
Suppose -5*q = 17 - 217. What is the greatest common factor of q and 10?
10
Let z(k) = 2*k**2 - 5*k - 2. Let j be z(5). What is the greatest common factor of j and 115?
23
Let a(t) = -9*t - 19. Let m be a(-3). Calculate the greatest common factor of m and 16.
8
Suppose -233 = 5*s - m - 684, -s + 5*m = -95. Calculate the highest common factor of 10 and s.
10
Let l = 0 - 8. Let r = 3 - l. Suppose 3*u - r = 4. What is the highest common factor of u and 10?
5
Suppose -4*v + 53 = -3. What is the greatest common divisor of 126 and v?
14
Suppose 189 = 5*f - 11. Calculate the highest common divisor of f and 8.
8
Suppose -5*u = -u - 24. Let m = u + -3. Suppose 0*s = m*s - 3. Calculate the greatest common divisor of s and 5.
1
Let i be (-264)/(-2)*((-24)/9)/(-4). Calculate the highest common divisor of i and 11.
11
Let i = -3 + 7. Suppose -3*k = -i*k, -k - 4 = -d. What is the highest common factor of 20 and d?
4
Suppose -3*f + f + 54 = 0. Suppose h = 3*i - 26, -5*h = i - 4*i + 22. What is the highest common divisor of i and f?
9
Suppose -o - 3*o + 31 = -c, -4*o = 5*c + 59. Suppose 2*h = -3*h + 30. Let d be 572/h - (-5)/c. Calculate the highest common divisor of 38 and d.
19
Let g be 9 + (-5 - -1) + -4 - -29. What is the highest common divisor of 15 and g?
15
Let t = -34 - -40. Calculate the highest common factor of 66 and t.
6
Let d be 0 + (1 - 133)/(-2). Let p = -9 - -8. Let j be p/2 - 178/(-4). What is the highest common divisor of d and j?
22
Suppose -t - 2*t = -12. Suppose -170 = t*g + g. Let w = g - -122. What is the highest common divisor of 8 and w?
8
Let z be (-42)/(-9)*18/(-3). Let a be (-3996)/z + 4/14. Calculate the highest common divisor of a and 13.
13
Let x(l) = -l**2 + 11*l + 8. Let g be x(7). Suppose -d = -4*p + 2*d + 65, -g = -3*p - 2*d. Calculate the highest common factor of p and 21.
7
Suppose g = -2*g. Let j = 0 - -5. Suppose -3*q - 5*d + 2*d + 6 = g, -j*q - d + 18 = 0. What is the greatest common divisor of 4 and q?
4
Let w(s) = s + 10. Let b be w(4). Calculate the highest common factor of b and 56.
14
Suppose -4*u = 182 - 2. Let a = -10 - u. What is the highest common divisor of 7 and a?
7
Let d be 202/14 + 6/(-14). Calculate the greatest common divisor of d and 112.
14
Let s(u) = -u**2 - 9*u + 11. Let f be s(-8). Suppose 5 = 3*y - f. What is the highest common divisor of 4 and y?
4
Suppose 478 - 53 = 5*h. Suppose 0 = 2*m - 0*m - 34. Calculate the greatest common factor of m and h.
17
Suppose 3*v + 27 = 5*q, 17 = -q - 5*v - 0*v. Suppose -j - 42 + 158 = -2*x, 362 = q*j + x. What is the greatest common divisor of j and 15?
15
Let n = 12 + 3. What is the highest common divisor of n and 105?
15
Let c be 2/(-3) - 868/(-6). Suppose -87 = -5*i - z, i + 2*z - 12 = -0. What is the greatest common factor of i and c?
18
Let t = -39 - -56. Calculate the highest common factor of 17 and t.
17
Let r = 103 + -70. What is the highest common divisor of r and 3?
3
Suppose 0 = 2*f + 3*f - 150. What is the greatest common factor of f and 60?
30
Let b be (-6)/15 + 44/10. Suppose 5*n - 39 = -3*r, -11 - b = -n + 3*r. Let h(j) = -j**2 + 7*j - 6. Let z be h(4). What is the highest common divisor of n and z?
3
Suppose 0 = 2*k + 6 - 0. Let f = 7 + 2. Let j = k + f. Calculate the greatest common divisor of j and 9.
3
Let u = -28 - -102. Calculate the greatest common factor of u and 296.
74
Suppose 48 = 5*t - 3*z, z - 28 + 0 = -2*t. What is the greatest common factor of t and 204?
12
Let b be (1 - 4)*(19 - 73). What is the highest common factor of 18 and b?
18
Let p(z) = -3*z + 8. Let l(y) = 4*y - 9. Let n(h) = 4*l(h) + 5*p(h). Let b be n(3). What is the greatest common divisor of b and 63?
7
Let a(z) = 2*z**2 - z + 4. Let c(k) = k + 5. Let x be c(-9). Let d be a(x). Suppose -5*j = -j - d. What is the highest common factor of 2 a